48180573 composite?
True
Is 2462497 prime?
False
Is 91630181 a prime number?
True
Is 123366851 prime?
True
Is 431126449 a prime number?
False
Is 21864277 a composite number?
True
Is 267859727 a prime number?
True
Is 124601669 prime?
False
Is 46670279 a prime number?
True
Is 256910405 prime?
False
Is 2380309 a prime number?
False
Is 26141617 composite?
True
Is 100428001 prime?
True
Is 105093589 prime?
True
Is 9250177 prime?
True
Is 638367083 a prime number?
False
Is 334247 a prime number?
True
Is 7547587 a composite number?
False
Is 26108281 a prime number?
True
Is 3261509 a prime number?
False
Is 14335621 a prime number?
False
Is 790121 a prime number?
True
Is 7157419 a composite number?
True
Is 84052373 prime?
False
Is 47001931 a prime number?
True
Is 57470429 a composite number?
False
Is 222977 composite?
False
Is 596151406 composite?
True
Is 100320379 composite?
False
Is 260346929 composite?
False
Is 34813391 prime?
True
Is 784897 prime?
True
Is 11233727 a composite number?
True
Is 8664167 a prime number?
False
Is 5694151 a prime number?
True
Is 11004523 prime?
False
Is 1311511 composite?
True
Is 2462353 a prime number?
True
Is 24689591 a composite number?
False
Is 929584897 composite?
False
Is 519772247 prime?
True
Is 23372563 a prime number?
True
Is 1108291 a composite number?
True
Is 137754271 prime?
False
Is 5274503 composite?
True
Is 132674717 composite?
True
Is 1893859 prime?
False
Is 194057 prime?
True
Is 330641 a prime number?
True
Is 5150107 a prime number?
True
Is 1348373251 a composite number?
False
Is 8034613 a prime number?
False
Is 340741 a composite number?
True
Is 3599821 prime?
True
Is 52126483 a prime number?
True
Is 38912743 prime?
True
Is 17612701 composite?
True
Is 5270665 composite?
True
Is 168392483 prime?
False
Is 13917703 a composite number?
False
Is 9407179 a composite number?
False
Is 37589781 a composite number?
True
Is 458522993 a prime number?
False
Is 14270021 prime?
False
Is 67537319 a composite number?
False
Is 42138527 a prime number?
True
Is 599927 prime?
True
Is 25383 a prime number?
False
Is 55356617 a composite number?
False
Is 6741679 a prime number?
False
Is 1383037 a prime number?
True
Is 94322849 a prime number?
True
Is 33209353 prime?
True
Is 10092871 composite?
False
Is 40733621 a composite number?
True
Is 118064437 composite?
False
Is 101843761 composite?
False
Is 8727395 a composite number?
True
Is 600086863 prime?
True
Is 22781929 a prime number?
False
Is 852524723 composite?
False
Is 38675717 composite?
True
Is 79522649 a composite number?
False
Is 524099 prime?
True
Is 7216193 a prime number?
True
Is 1889209 composite?
True
Is 5150687 prime?
False
Is 12034831 prime?
True
Is 788761 composite?
False
Is 2198697155 a composite number?
True
Is 13698109 prime?
True
Is 3687781 a composite number?
True
Is 7801753 prime?
True
Is 6608599 a prime number?
False
Is 198566449 a composite number?
False
Is 113811961 a prime number?
False
Is 1031951 a composite number?
True
Is 114086255 a prime number?
False
Is 171979087 a composite number?
True
Is 17458346 prime?
False
Is 44062489 a prime number?
True
Is 109181071 prime?
True
Is 38867377 composite?
False
Is 4254553 a prime number?
True
Is 2817097 composite?
True
Is 434983 a composite number?
True
Is 40402123 composite?
False
Is 140688893 composite?
False
Is 11340377 composite?
True
Is 1628933 prime?
True
Is 30895169 a prime number?
False
Is 426749 a composite number?
True
Is 550427 prime?
True
Is 230071238 a prime number?
False
Is 2210371 composite?
False
Is 518779 prime?
True
Is 110809471 prime?
True
Is 1320629 prime?
False
Is 58126463 a composite number?
False
Is 7364879 composite?
False
Is 3074081 a prime number?
True
Is 14530639 a composite number?
True
Is 4891123 composite?
True
Is 324469 prime?
True
Is 299939 composite?
True
Is 19188307 a prime number?
True
Is 13201249 a prime number?
True
Is 58630589 a prime number?
True
Is 1132811 a composite number?
False
Is 718742126 prime?
False
Is 19834819 composite?
False
Is 1119204151 prime?
False
Is 6303151 a composite number?
False
Is 18598669 a composite number?
False
Is 36536527 composite?
False
Is 36578963 prime?
True
Is 171322507 a composite number?
False
Is 532093 a composite number?
False
Is 116916539 a composite number?
True
Is 652207 a composite number?
False
Is 4612501 a composite number?
True
Is 259471 composite?
True
Is 1345949047 a prime number?
False
Is 145690087 prime?
True
Is 544097 a prime number?
True
Is 66788653 composite?
True
Is 164767979 a composite number?
True
Is 415871891 a composite number?
False
Is 38086901 a composite number?
False
Is 1966463 a prime number?
True
Is 1601441 prime?
True
Is 257232967 prime?
False
Is 77311973 composite?
True
Is 23495161 prime?
True
Is 2821821 a composite number?
True
Is 824339 composite?
False
Is 159122 a composite number?
True
Is 927587 composite?
False
Is 259425473 prime?
True
Is 1032010079 a prime number?
True
Is 44911583 composite?
False
Is 49849021 composite?
False
Is 8789203 a prime number?
True
Is 319937 prime?
True
Is 1930477 prime?
True
Is 20149889 a composite number?
False
Is 6176699 composite?
False
Is 4408903 a prime number?
True
Is 4085581 a prime number?
False
Is 7168009 a prime number?
False
Is 20171857 composite?
False
Is 565671509 prime?
False
Is 386551 composite?
True
Is 13647611 composite?
False
Is 1597742 a prime number?
False
Is 651983 a prime number?
False
Is 66012119 a prime number?
True
Is 806951429 prime?
True
Is 1193107 prime?
True
Is 731915 a composite number?
True
Is 15079949 a composite number?
False
Is 583346059 a prime number?
True
Is 7197493 a prime number?
False
Is 3243881 composite?
False
Is 66190643 a prime number?
True
Is 8164397 a prime number?
True
Is 4898521 a prime number?
False
Is 2689837 a prime number?
False
Is 6211349 prime?
True
Is 10050173 a composite number?
True
Is 324868199 a composite number?
False
Is 1507591 prime?
True
Is 321572215 a composite number?
True
Is 36250849 prime?
False
Is 640499 prime?
True
Is 76190035 prime?
False
Is 112930777 a composite number?
True
Is 183012917 composite?
False
Is 7482311 a prime number?
True
Is 5625281 a prime number?
True
Is 59784091 composite?
True
Is 216341381 composite?
True
Is 1077394 a prime number?
False
Is 257773 a composite number?
True
Is 57531983 a composite number?
False
Is 32534231 prime?
True
Is 104294639 prime?
True
Is 45397303 a prime number?
False
Is 6471627 a prime number?
False
Is 22227463 a prime number?
True
Is 40835527 a prime number?
False
Is 473005937 prime?
False
Is 92135 prime?
False
Is 370898609 composite?
True
Is 80840027 a prime number?
True
Is 67165949 a prime number?
True
Is 41067661 a composite number?
False
Is 6060641 a prime number?
True
Is 4711729 composite?
True
Is 183341479 composite?
False
Is 51336401 a composite number?
False
Is 445556623 a prime number?
True
Is 77062561 a prime number?
True
Is 28123003 prime?
False
Is 4158643 a prime number?
False
Is 131502979 a prime number?
True
Is 129238231 a prime number?
True
Is 106310671 a prime number?
True
Is 158447977 composite?
False
Is 30675935 composite?
True
Is 38248289 a prime number?
True
Is 25706063 composite?
False
Is 3727901 a composite number?
True
Is 25863053 composite?
False
Is 13176239 prime?
True
Is 5176477 composite?
False
Is 3576983 a prime number?
False
Is 265993121 composite?
True
Is 42395803 composite?
False
Is 120632021 prime?
True
Is 449657341 a prime number?
False
Is 252105905 composite?
True
Is 6948419 composite?
False
Is 228699893 composite?
False
Is 89491 a composite number?
False
Is 1392711 prime?
False
Is 204668923 a prime number?
True
Is 133129739 a prime number?
True
Is 321886889 a composite number?
False
Is 14466193 a prime number?
False
Is 96002537 a composite number?
True
Is 295965031 a composite number?
False
Is 1362161 a prime number?
True
Is 1517227 composite?
False
Is 1452142 a composite number?
True
Is 6245717 a composite number?
False
Is 6430811 a prime number?
False
Is 9533591 a composite number?
True
Is 11146283 composite?
True
Is 576769 prime?
True
Is 12667 a prime number?
False
Is 11011471 composite?
False
Is 1018513 a composite number?
False
Is 24454777 prime?
True
Is 366418631 a prime number?
True
Is 83253881 a prime number?
True
Is 11871